es 119 divide 211772?
False
Is 74 a factor of 1199320?
False
Is 1040147 a multiple of 15?
False
Is 1085 a factor of 14456962?
False
Does 14 divide 734300?
True
Does 15 divide 568545?
True
Is 44 a factor of 930996?
True
Is 101 a factor of 2748917?
True
Is 41 a factor of 137022?
True
Is 8175953 a multiple of 14?
False
Does 3 divide 4359?
True
Does 2 divide 552503?
False
Is 46 a factor of 13432?
True
Does 206 divide 311945?
False
Is 150976 a multiple of 337?
True
Is 240817 a multiple of 5?
False
Does 38 divide 284812?
False
Is 326000 a multiple of 8?
True
Is 99 a factor of 1448271?
True
Does 6 divide 485880?
True
Does 68 divide 3603395?
False
Is 10858960 a multiple of 112?
True
Is 3816650 a multiple of 425?
False
Is 46 a factor of 1697476?
False
Is 206325 a multiple of 15?
True
Is 2233298 a multiple of 26?
False
Does 1020 divide 4239753?
False
Is 2546352 a multiple of 294?
False
Is 1481 a factor of 4346626?
False
Does 318 divide 2639343?
False
Is 124 a factor of 534780?
False
Is 13 a factor of 118365?
True
Does 25 divide 2131048?
False
Does 42 divide 975441?
False
Is 848271 a multiple of 157?
True
Is 4 a factor of 172129?
False
Is 27 a factor of 328104?
True
Is 3018204 a multiple of 354?
True
Does 481 divide 2498969?
False
Does 118 divide 626934?
True
Does 36 divide 18720?
True
Is 761695 a multiple of 11?
True
Is 68 a factor of 54921?
False
Is 36357 a multiple of 17?
False
Is 126447 a multiple of 341?
False
Is 306 a factor of 406980?
True
Does 17 divide 862911?
False
Does 538 divide 8159846?
True
Is 252310 a multiple of 69?
False
Is 929408 a multiple of 32?
True
Does 391 divide 14301239?
False
Does 7 divide 4704644?
True
Is 3487561 a multiple of 20?
False
Is 262 a factor of 2272064?
True
Is 81360 a multiple of 20?
True
Does 26 divide 119964?
True
Does 29 divide 6844?
True
Is 94 a factor of 3857384?
True
Does 228 divide 475380?
True
Does 20 divide 2625?
False
Is 179 a factor of 2559170?
False
Is 540624 a multiple of 16?
True
Is 52135 a multiple of 93?
False
Does 11 divide 359777?
True
Is 57 a factor of 19127205?
True
Does 105 divide 314934?
False
Is 20 a factor of 135978?
False
Is 29 a factor of 67367?
True
Is 7289744 a multiple of 176?
True
Is 113 a factor of 236647?
False
Is 5951722 a multiple of 14?
True
Does 31 divide 15004?
True
Is 114 a factor of 1077414?
True
Does 6 divide 669360?
True
Is 63557 a multiple of 216?
False
Is 16 a factor of 1640480?
True
Is 2165246 a multiple of 409?
True
Is 266253 a multiple of 18?
False
Is 4 a factor of 38870?
False
Is 63 a factor of 101013?
False
Is 35 a factor of 243530?
True
Is 10 a factor of 280800?
True
Is 14 a factor of 1700646?
False
Does 39 divide 13730028?
True
Is 12 a factor of 414687?
False
Is 187 a factor of 381416?
False
Is 2 a factor of 107348?
True
Is 3134131 a multiple of 31?
True
Does 142 divide 3368026?
False
Is 35737 a multiple of 16?
False
Is 478720 a multiple of 16?
True
Does 85 divide 292145?
True
Is 718525 a multiple of 4?
False
Does 30 divide 706380?
True
Is 490336 a multiple of 88?
True
Is 98 a factor of 123880?
False
Does 12 divide 104587?
False
Is 969138 a multiple of 274?
True
Is 27468 a multiple of 42?
True
Is 264 a factor of 640200?
True
Is 9 a factor of 244177?
False
Is 99263 a multiple of 17?
True
Does 37 divide 1266658?
True
Is 2227206 a multiple of 200?
False
Is 235517 a multiple of 17?
False
Does 47 divide 34809?
False
Does 13 divide 1052005?
False
Is 11 a factor of 12183727?
False
Is 46 a factor of 288010?
False
Is 41 a factor of 760658?
False
Does 454 divide 418134?
True
Does 254 divide 1074890?
False
Does 250 divide 244000?
True
Is 27 a factor of 91368?
True
Is 2301290 a multiple of 10?
True
Is 62 a factor of 1341311?
False
Is 255638 a multiple of 3?
False
Is 103 a factor of 298221?
False
Is 9 a factor of 317259?
True
Does 8 divide 239440?
True
Does 60 divide 2171313?
False
Does 24 divide 120?
True
Is 23 a factor of 210965?
False
Is 4040934 a multiple of 173?
True
Is 33 a factor of 34273?
False
Is 462 a factor of 246158?
False
Does 117 divide 1710676?
False
Does 250 divide 1213500?
True
Is 406 a factor of 372216?
False
Is 136591 a multiple of 13?
True
Is 26 a factor of 1372175?
False
Does 208 divide 513552?
True
Does 41 divide 55212?
False
Is 4535945 a multiple of 23?
True
Is 45855 a multiple of 22?
False
Does 44 divide 857780?
True
Does 9 divide 6378186?
False
Is 62 a factor of 384648?
True
Is 14 a factor of 14182602?
True
Is 24 a factor of 3376512?
True
Does 11 divide 929247?
True
Is 5580850 a multiple of 275?
True
Is 75 a factor of 422325?
True
Is 21 a factor of 1163715?
True
Is 741 a factor of 7512258?
True
Is 34867830 a multiple of 18?
False
Is 25 a factor of 203250?
True
Is 80 a factor of 85280?
True
Is 53 a factor of 16657321?
False
Is 25201524 a multiple of 76?
True
Is 82464 a multiple of 96?
True
Is 1249524 a multiple of 616?
False
Is 22 a factor of 280654?
True
Is 11 a factor of 1744831?
True
Is 99540 a multiple of 15?
True
Does 380 divide 3722097?
False
Is 16 a factor of 1810666?
False
Is 17 a factor of 11543?
True
Does 17 divide 441796?
True
Does 642 divide 569469?
False
Is 342015 a multiple of 2?
False
Is 559 a factor of 31198?
False
Does 228 divide 846792?
True
Is 13928310 a multiple of 117?
False
Is 29 a factor of 1876161?
False
Does 4 divide 2674803?
False
Is 50729 a multiple of 100?
False
Does 517 divide 5610484?
True
Is 127 a factor of 22741?
False
Is 35 a factor of 352625?
True
Does 309 divide 986946?
True
Is 241974 a multiple of 37?
False
Is 59040 a multiple of 72?
True
Is 5561450 a multiple of 787?
False
Does 398 divide 1198190?
False
Is 2993544 a multiple of 17?
False
Is 16057518 a multiple of 369?
False
Is 4 a factor of 285902?
False
Is 67 a factor of 129632?
False
Is 829474 a multiple of 6?
False
Is 1554808 a multiple of 19?
True
Is 11 a factor of 152262?
True
Is 5220037 a multiple of 117?
False
Is 8 a factor of 1323098?
False
Is 13 a factor of 3675183?
False
Does 106 divide 195671?
False
Does 323 divide 646000?
True
Is 169 a factor of 83655?
True
Is 226 a factor of 20342?
False
Is 139 a factor of 3537689?
True
Is 131432 a multiple of 56?
True
Is 4631616 a multiple of 561?
True
Is 593417 a multiple of 318?
False
Does 55 divide 5010445?
True
Is 9 a factor of 89595?
True
Does 11 divide 602173?
True
Is 20540426 a multiple of 431?
False
Does 81 divide 586830?
False
Is 2557467 a multiple of 109?
True
Is 3 a factor of 427419?
True
Is 204001 a multiple of 18?
False
Is 14 a factor of 4007122?
True
Is 184 a factor of 5485598?
False
Is 31655 a multiple of 487?
True
Does 49 divide 454279?
True
Does 501 divide 1105553?
False
Is 1372827 a multiple of 5?
False
Is 449 a factor of 345730?
True
Does 316 divide 1909892?
False
Is 1471725 a multiple of 31?
True
Is 14989 a multiple of 3?
False
Is 47 a factor of 2667646?
False
Is 622486 a multiple of 547?
True
Is 17 a factor of 292965?
False
Is 391803 a multiple of 403?
False
Is 145333 a multiple of 83?
True
Does 28 divide 316092?
True
Is 265428 a multiple of 18?
True
Is 116 a factor of 8122320?
True
Is 118 a factor of 2902421?
False
Is 13870753 a multiple of 370?
False
Is 52 a factor of 3631326?
False
Does 63 divide 57015?
True
Does 193 divide 6120231?
False
Does 14 divide 9782?
False
Is 18424 a multiple of 47?
True
Is 6816031 a multiple of 45?
False
Is 18810475 a multiple of 995?
True
Is 34928 a multiple of 38?
False
Does 155 divide 1006725?
True
Is 799002 a multiple of 150?
False
Is 49 a factor of 2531428?
False
Does 355 divide 670240?
True
Does 264 divide 776402?
False
Is 239701 a multiple of 9?
False
Is 46 a factor of 15224758?
True
Is 210852 a multiple of 6?
True
Is 52416 a multiple of 234?
True
Is 28 a factor of 1087872?
False
Is 60 a factor of 79161?
False
Does 8 divide 59992?
True
Is 5729280 a multiple of 40?
True
Does 45 divide 134775?
True
Does 269 divide 163283?
True
Is 48 a factor of 214464?
True
Is 1796456 a multiple of 164?
True
Does 10 divide 804510?
True
Is 42 a factor of 395388?
True
Is 46426 a multiple of 10?
False
Does 24 divide 4354248?
True
Is 133980 a multiple of 38?
False
Is 34 a factor of 151024?
False
Is 119301 a multiple of 69?
True
Is 4979592 a multiple of 582?
True
Does 101 divide 210282?
True
Is 5275870 a multiple of 10?
True
Is 210140 a multiple of 316?
True
Is 25 a factor of 203450?
